{"id":416,"date":"2025-10-19T11:22:50","date_gmt":"2025-10-19T09:22:50","guid":{"rendered":"https:\/\/domaine-de-bel-air.com\/?page_id=416"},"modified":"2026-01-23T11:39:43","modified_gmt":"2026-01-23T10:39:43","slug":"les-articles","status":"publish","type":"page","link":"https:\/\/domaine-de-bel-air.com\/index.php\/les-articles\/","title":{"rendered":"Les articles"},"content":{"rendered":"\n<p><strong>BRINON-sur-Beuvron. Top d\u00e9part pour les vendanges 2025<br><\/strong>Publi\u00e9 le 16 septembre 2025 <\/p>\n\n\n\n<p><a href=\"https:\/\/www.lejdc.fr\/beaulieu-58420\/economie\/top-depart-pour-les-vendanges-2025_14749271\">https:\/\/www.lejdc.fr\/beaulieu-58420\/economie\/top-depart-pour-les-vendanges-2025_14749271<\/a>7<\/p>\n\n\n\n<figure class=\"wp-block-image size-full is-resized\"><img loading=\"lazy\" decoding=\"async\" width=\"584\" height=\"438\" src=\"https:\/\/domaine-de-bel-air.com\/wp-content\/uploads\/2025\/10\/image.png\" alt=\"\" class=\"wp-image-428\" style=\"width:288px;height:auto\" srcset=\"https:\/\/domaine-de-bel-air.com\/wp-content\/uploads\/2025\/10\/image.png 584w, https:\/\/domaine-de-bel-air.com\/wp-content\/uploads\/2025\/10\/image-300x225.png 300w\" sizes=\"auto, (max-width: 584px) 100vw, 584px\" \/><\/figure>\n\n\n\n<p><strong>NIEVRE 2025 FILM COURT<\/strong><\/p>\n\n\n\n<p><a href=\"https:\/\/vimeo.com\/1063706947\/351db9136b\">https:\/\/vimeo.com\/1063706947\/351db9136b<\/a><\/p>\n\n\n\n<p><strong>Weekend entre amis au fil du canal du Nivernais<\/strong><\/p>\n\n\n\n<p>Balade dans les vignes et d\u00e9gustation au Domaine de Bel Air&nbsp;&nbsp;<\/p>\n\n\n\n<p><a href=\"https:\/\/www.bourgogne-tourisme.com\/sejourner\/sejours-et-idees-weekend\/amis-canal-nivernais\">https:\/\/www.bourgogne-tourisme.com\/sejourner\/sejours-et-idees-weekend\/amis-canal-nivernais<\/a><\/p>\n\n\n\n<p><a href=\"https:\/\/www.bourgogne-tourisme.com\/sejourner\/sejours-et-idees-weekend\/amis-canal-nivernais\">https:\/\/www.bourgogne-tourisme.com\/sejourner\/sejours-et-idees-weekend\/amis-canal-nivernais<\/a><\/p>\n\n\n\n<p><strong>Le Domaine de Bel Air ouvre ses portes<\/strong><\/p>\n\n\n\n<figure class=\"wp-block-image size-full is-resized\"><img loading=\"lazy\" decoding=\"async\" width=\"768\" height=\"582\" src=\"https:\/\/domaine-de-bel-air.com\/wp-content\/uploads\/2025\/08\/image.png\" alt=\"\" class=\"wp-image-420\" style=\"width:666px;height:auto\" srcset=\"https:\/\/domaine-de-bel-air.com\/wp-content\/uploads\/2025\/08\/image.png 768w, https:\/\/domaine-de-bel-air.com\/wp-content\/uploads\/2025\/08\/image-300x227.png 300w\" sizes=\"auto, (max-width: 768px) 100vw, 768px\" \/><\/figure>\n\n\n\n<p><strong>[INT\u00c9GRALE DU 8 MARS] P\u00eache durable : comment soutenir nos p\u00eacheurs artisanaux ? &#8211; Laurent Mariotte re\u00e7oit Marc Lavoine<\/strong><\/p>\n\n\n\n<p><a href=\"https:\/\/www.europe1.fr\/emissions\/laurent-mariotte-vous-accueille-a-la-table-des-bons-vivants\/integrale-du-8-mars-peche-durable-comment-soutenir-nos-pecheurs-artisanaux-laurent-mariotte-recoit-marc-lavoine-667138\">https:\/\/www.europe1.fr\/emissions\/laurent-mariotte-vous-accueille-a-la-table-des-bons-vivants\/integrale-du-8-mars-peche-durable-comment-soutenir-nos-pecheurs-artisanaux-laurent-mariotte-recoit-marc-lavoine-667138<\/a><\/p>\n\n\n\n<p>\u00ab\u00a0Nathalie George a d\u00e9couvert le melon, pas le fruit, mais le c\u00e9page blanc bourguignon. Les vignobles du Tanay, dans la Ni\u00e8vre, \u00e9taient tr\u00e8s r\u00e9put\u00e9s au Moyen \u00c2ge, si bien que le melon \u00e9tait le vin qui \u00e9tait servi \u00e0 la table des rois de France en arrivant par les voies fluviales. Elle nous recommande la bouteille Melon 2022 du vigneron Romain Desbrosses au Domaine de Bel-Air \u00e0 Villiers-sur-Yonne\u00a0\u00bb.&nbsp;<\/p>\n\n\n\n<p><strong>Week-ends portes ouvertes au Domaine de Bel Air : 19 &#8211; 20 avril 2025 et  12 &#8211; 13 juillet 2025<\/strong><\/p>\n\n\n\n<p>Je vous attends nombreux pour mes premi\u00e8res portes ouvertes le 19 &amp; 20 avril 2025 et le 12 &amp; 13 juillet 2025 de 10h00 \u00e0 18h00 \u00e0 Bel Air 58500 VILLIERS SUR YONNE ! Je serai ravi de vous accueillir, alors si vous \u00eates dans le secteur n&rsquo;h\u00e9sitez pas \u00e0 venir faire un tour !<\/p>\n\n\n\n<p>Au programme : D\u00e9couverte du Domaine, d\u00e9gustation des vins dans une cave authentique et vente directe.<\/p>\n\n\n\n<figure class=\"wp-block-image size-full\"><img loading=\"lazy\" decoding=\"async\" width=\"472\" height=\"663\" src=\"https:\/\/domaine-de-bel-air.com\/wp-content\/uploads\/2025\/03\/Capture-1.png\" alt=\"\" class=\"wp-image-379\" srcset=\"https:\/\/domaine-de-bel-air.com\/wp-content\/uploads\/2025\/03\/Capture-1.png 472w, https:\/\/domaine-de-bel-air.com\/wp-content\/uploads\/2025\/03\/Capture-1-214x300.png 214w\" sizes=\"auto, (max-width: 472px) 100vw, 472px\" \/><\/figure>\n\n\n\n<p><strong>J&rsquo;veux du local dans la Ni\u00e8vre<\/strong><\/p>\n\n\n\n<p>[Nouvelle Inscription] Aujourd&rsquo;hui nous vous pr\u00e9sentons Romain DESBROSSES de Villiers-sur-Yonne qui a repris le Domaine viticole de Bel Air en 2022. <img loading=\"lazy\" decoding=\"async\" height=\"16\" width=\"16\" src=\"https:\/\/static.xx.fbcdn.net\/images\/emoji.php\/v9\/t19\/1\/16\/1f37e.png\" alt=\"\ud83c\udf7e\"><\/p>\n\n\n\n<p>Il vous propose ses produits: Vin Chardonnay, Melon de Bourgogne, Pinot Noir en Bio.<\/p>\n\n\n\n<p>Et depuis 2024, il est adh\u00e9rent au r\u00e9seau Bienvenue \u00e0 la ferme 58 <img loading=\"lazy\" decoding=\"async\" height=\"16\" width=\"16\" alt=\"\ud83e\udd29\" src=\"https:\/\/static.xx.fbcdn.net\/images\/emoji.php\/v9\/t58\/1\/16\/1f929.png\"><\/p>\n\n\n\n<p><img loading=\"lazy\" decoding=\"async\" height=\"16\" width=\"16\" alt=\"\ud83d\udce3\" src=\"https:\/\/static.xx.fbcdn.net\/images\/emoji.php\/v9\/tba\/1\/16\/1f4e3.png\">La d\u00e9gustation et vente directe sont sur prise de rendez-vous du lundi au samedi dans la cave vout\u00e9e du Domaine.<\/p>\n\n\n\n<p>Retrouvez toutes ses informations sur sa page : <a href=\"https:\/\/www.jveuxdulocal58.fr\/\">https:\/\/www.jveuxdulocal58.fr\/<\/a><\/p>\n\n\n\n<figure class=\"wp-block-image size-large\"><img loading=\"lazy\" decoding=\"async\" width=\"1024\" height=\"536\" src=\"https:\/\/domaine-de-bel-air.com\/wp-content\/uploads\/2025\/03\/Capture-1024x536.png\" alt=\"\" class=\"wp-image-369\" srcset=\"https:\/\/domaine-de-bel-air.com\/wp-content\/uploads\/2025\/03\/Capture-1024x536.png 1024w, https:\/\/domaine-de-bel-air.com\/wp-content\/uploads\/2025\/03\/Capture-300x157.png 300w, https:\/\/domaine-de-bel-air.com\/wp-content\/uploads\/2025\/03\/Capture-768x402.png 768w, https:\/\/domaine-de-bel-air.com\/wp-content\/uploads\/2025\/03\/Capture.png 1130w\" sizes=\"auto, (max-width: 1024px) 100vw, 1024px\" \/><\/figure>\n\n\n\n<p><strong>Jeudi 31 octobre 2024 : Article : \u00ab\u00a0Retour sur une ann\u00e9e catastrophique\u00a0\u00bb &#8211; Terres de Bourgogne<\/strong><\/p>\n\n\n\n<div data-wp-interactive=\"core\/file\" class=\"wp-block-file\"><object data-wp-bind--hidden=\"!state.hasPdfPreview\" hidden class=\"wp-block-file__embed\" data=\"https:\/\/domaine-de-bel-air.com\/wp-content\/uploads\/2024\/10\/BOURG_P14.pdf\" type=\"application\/pdf\" style=\"width:100%;height:600px\" aria-label=\"Contenu embarqu\u00e9 BOURG_P14.\"><\/object><a id=\"wp-block-file--media-6892911a-ff05-405a-ad35-c8bd9d1cb190\" href=\"https:\/\/domaine-de-bel-air.com\/wp-content\/uploads\/2024\/10\/BOURG_P14.pdf\">BOURG_P14<\/a><a href=\"https:\/\/domaine-de-bel-air.com\/wp-content\/uploads\/2024\/10\/BOURG_P14.pdf\" class=\"wp-block-file__button wp-element-button\" download aria-describedby=\"wp-block-file--media-6892911a-ff05-405a-ad35-c8bd9d1cb190\">T\u00e9l\u00e9charger<\/a><\/div>\n\n\n\n<p><strong>Vendredi 14 juin 2024 : Article \u00ab\u00a0Le go\u00fbt de l&rsquo;enfance\u00a0\u00bb &#8211; Terres de Bourgogne<\/strong><\/p>\n\n\n\n<div data-wp-interactive=\"core\/file\" class=\"wp-block-file\"><object data-wp-bind--hidden=\"!state.hasPdfPreview\" hidden class=\"wp-block-file__embed\" data=\"https:\/\/domaine-de-bel-air.com\/wp-content\/uploads\/2024\/06\/BOURG_P15-1-1.pdf\" type=\"application\/pdf\" style=\"width:100%;height:600px\" aria-label=\"Contenu embarqu\u00e9 BOURG_P15-1-1.\"><\/object><a id=\"wp-block-file--media-a074f660-3583-4b95-8e5b-322d6b7b1038\" href=\"https:\/\/domaine-de-bel-air.com\/wp-content\/uploads\/2024\/06\/BOURG_P15-1-1.pdf\">BOURG_P15-1-1<\/a><a href=\"https:\/\/domaine-de-bel-air.com\/wp-content\/uploads\/2024\/06\/BOURG_P15-1-1.pdf\" class=\"wp-block-file__button wp-element-button\" download aria-describedby=\"wp-block-file--media-a074f660-3583-4b95-8e5b-322d6b7b1038\">T\u00e9l\u00e9charger<\/a><\/div>\n\n\n\n<p><strong>R\u00e9sultats Concours Prix Plaisir 2024<\/strong><\/p>\n\n\n\n<p>Pour faire suite \u00e0 la d\u00e9gustation qui a eu lieu les 22 et 23 mars 2024 au Solaris, je suis ravi de vous informer que deux r\u00e9f\u00e9rences de vin ont s\u00e9duit le jury de consommateurs et figurent parmi les laur\u00e9ats du concours : <\/p>\n\n\n\n<div class=\"wp-block-media-text is-stacked-on-mobile\" style=\"grid-template-columns:38% auto\"><figure class=\"wp-block-media-text__media\"><img loading=\"lazy\" decoding=\"async\" width=\"740\" height=\"507\" src=\"https:\/\/domaine-de-bel-air.com\/wp-content\/uploads\/2024\/04\/Capture-melon.png\" alt=\"\" class=\"wp-image-270 size-full\" srcset=\"https:\/\/domaine-de-bel-air.com\/wp-content\/uploads\/2024\/04\/Capture-melon.png 740w, https:\/\/domaine-de-bel-air.com\/wp-content\/uploads\/2024\/04\/Capture-melon-300x206.png 300w\" sizes=\"auto, (max-width: 740px) 100vw, 740px\" \/><\/figure><div class=\"wp-block-media-text__content\">\n<p><strong><strong>Melon&nbsp;2022, IGP des Coteaux de Tannay Blanc<\/strong>&nbsp;<strong>: m\u00e9daille d\u2019or<\/strong><\/strong><\/p>\n\n\n\n<p><a href=\"https:\/\/prixplaisir.bettanedesseauve.com\/wp-content\/uploads\/2024\/04\/Resultats-concours-prix-plaisir-2024.pdf\">https:\/\/prixplaisir.bettanedesseauve.com\/wp-content\/uploads\/2024\/04\/Resultats-concours-prix-plaisir-2024.pdf<\/a><\/p>\n<\/div><\/div>\n\n\n\n<div class=\"wp-block-media-text is-stacked-on-mobile\" style=\"grid-template-columns:38% auto\"><figure class=\"wp-block-media-text__media\"><img loading=\"lazy\" decoding=\"async\" width=\"749\" height=\"510\" src=\"https:\/\/domaine-de-bel-air.com\/wp-content\/uploads\/2024\/04\/Capture-coulee-ouce-2.png\" alt=\"\" class=\"wp-image-273 size-full\" srcset=\"https:\/\/domaine-de-bel-air.com\/wp-content\/uploads\/2024\/04\/Capture-coulee-ouce-2.png 749w, https:\/\/domaine-de-bel-air.com\/wp-content\/uploads\/2024\/04\/Capture-coulee-ouce-2-300x204.png 300w\" sizes=\"auto, (max-width: 749px) 100vw, 749px\" \/><\/figure><div class=\"wp-block-media-text__content\">\n<p><strong>La Coul\u00e9e douce&nbsp;2022, IGP des Coteaux de Tannay Blanc &#8211; Chardonnay : m\u00e9daille d&rsquo;argent<\/strong><\/p>\n\n\n\n<p><a href=\"https:\/\/prixplaisir.bettanedesseauve.com\/wp-content\/uploads\/2024\/04\/Resultats-concours-prix-plaisir-2024.pdf\">https:\/\/prixplaisir.bettanedesseauve.com\/wp-content\/uploads\/2024\/04\/Resultats-concours-prix-plaisir-2024.pdf<\/a><\/p>\n<\/div><\/div>\n\n\n\n<p><strong>Bel-Air se distingue au concours de vins 2024 de la Saint-Vincent de Villiers-sur-Yonne<\/strong><\/p>\n\n\n\n<p>La Saint-Vincent de Villiers-sur-Yonne, a \u00e9t\u00e9 organis\u00e9e dimanche 4 f\u00e9vrier par la confr\u00e9rie f\u00e9minine des Suceux d\u2019Cannelles. D\u00e9gustation de chardonnay et melon de Bel-Air \u00e9taient propos\u00e9s. Dans une sympatique ambiance, le cort\u00e8ge a fait le tour du pays accompagn\u00e9 par la cornemuse, l\u2019accord\u00e9on et le violon. Puis les r\u00e9sultats du concours des vins issus de la r\u00e9colte 2022 ont \u00e9t\u00e9 proclam\u00e9s.<\/p>\n\n\n\n<div class=\"wp-block-media-text is-stacked-on-mobile\" style=\"grid-template-columns:38% auto\"><figure class=\"wp-block-media-text__media\"><img loading=\"lazy\" decoding=\"async\" width=\"657\" height=\"438\" src=\"https:\/\/domaine-de-bel-air.com\/wp-content\/uploads\/2024\/04\/2000006715257.webp\" alt=\"\" class=\"wp-image-289 size-full\" srcset=\"https:\/\/domaine-de-bel-air.com\/wp-content\/uploads\/2024\/04\/2000006715257.webp 657w, https:\/\/domaine-de-bel-air.com\/wp-content\/uploads\/2024\/04\/2000006715257-300x200.webp 300w\" sizes=\"auto, (max-width: 657px) 100vw, 657px\" \/><\/figure><div class=\"wp-block-media-text__content\">\n<p>Romain s\u2019est particuli\u00e8rement distingu\u00e9, remportant trois prix.<\/p>\n\n\n\n<ul class=\"wp-block-list\">\n<li>Pinot (vin rouge) : Romain Desbrosses.<\/li>\n\n\n\n<li>Melon (vin blanc) : Romain Desbrosses.<\/li>\n\n\n\n<li>Chardonnay (blanc) : Romain Desbrosses.<\/li>\n<\/ul>\n\n\n\n<p><a href=\"https:\/\/www.lejdc.fr\/villiers-sur-yonne-58500\/loisirs\/les-resultats-du-concours-de-vins-2024-de-la-saint-vincent-de-villiers-sur-yonne_14447844\/\">https:\/\/www.lejdc.fr\/villiers-sur-yonne-58500\/loisirs\/les-resultats-du-concours-de-vins-2024-de-la-saint-vincent-de-villiers-sur-yonne_14447844\/<\/a><\/p>\n<\/div><\/div>\n\n\n\n<p><strong>S\u00e9lections Mondiales des Vins est le plus grand concours vinicole en Am\u00e9rique du Nord, et le seul sous le patronage de VINOFED et de l\u2019Organisation internationale de la vigne et du vin (OIV).<\/strong><\/p>\n\n\n\n<div class=\"wp-block-media-text is-stacked-on-mobile\" style=\"grid-template-columns:38% auto\"><figure class=\"wp-block-media-text__media\"><img loading=\"lazy\" decoding=\"async\" width=\"1024\" height=\"747\" src=\"https:\/\/domaine-de-bel-air.com\/wp-content\/uploads\/2023\/11\/SMV_Top502023_Medal_1920x1400-1024x747-1.jpg\" alt=\"\" class=\"wp-image-244 size-full\" srcset=\"https:\/\/domaine-de-bel-air.com\/wp-content\/uploads\/2023\/11\/SMV_Top502023_Medal_1920x1400-1024x747-1.jpg 1024w, https:\/\/domaine-de-bel-air.com\/wp-content\/uploads\/2023\/11\/SMV_Top502023_Medal_1920x1400-1024x747-1-300x219.jpg 300w, https:\/\/domaine-de-bel-air.com\/wp-content\/uploads\/2023\/11\/SMV_Top502023_Medal_1920x1400-1024x747-1-768x560.jpg 768w\" sizes=\"auto, (max-width: 1024px) 100vw, 1024px\" \/><\/figure><div class=\"wp-block-media-text__content\">\n<p>S\u00e9lections Mondiales des Vins est le plus grand concours vinicole en Am\u00e9rique du Nord, et le seul sous le patronage de VINOFED et de l\u2019Organisation internationale de la vigne et du vin (OIV).<\/p>\n\n\n\n<p>L\u2019\u00e9dition 2023 de S\u00e9lections Mondiales des Vins a accueilli des producteurs, n\u00e9gociants et agents de&nbsp;<strong>26 pays<\/strong>. Plus de&nbsp;<strong>1 560 vins<\/strong>&nbsp;ont comp\u00e9titionn\u00e9 dans diff\u00e9rentes cat\u00e9gories du concours.<\/p>\n\n\n\n<p>Notre Chardonnay s&rsquo;est class\u00e9 \u00ab\u00a0Grand Or\u00a0\u00bb et se retrouve donc dans le top 50 \u00e0 une tr\u00e8s belle 26eme place. Une incroyable reconaissance pour notre vignoble.<\/p>\n\n\n\n<p><a href=\"https:\/\/selectionsmondiales.ca\/wp-content\/uploads\/2023\/10\/SMV2023_TOP50_20231017.pdf\">https:\/\/selectionsmondiales.ca\/wp-content\/uploads\/2023\/10\/SMV2023_TOP50_20231017.pdf<\/a><\/p>\n<\/div><\/div>\n\n\n\n<p><strong>L&rsquo;avis du Petit Fut\u00e9 sur le DOMAINE DE BEL AIR<\/strong><\/p>\n\n\n\n<div class=\"wp-block-media-text is-stacked-on-mobile\" style=\"grid-template-columns:15% auto\"><figure class=\"wp-block-media-text__media\"><img loading=\"lazy\" decoding=\"async\" width=\"100\" height=\"160\" src=\"https:\/\/domaine-de-bel-air.com\/wp-content\/uploads\/2023\/11\/plaque-millesim-pf.webp\" alt=\"\" class=\"wp-image-248 size-full\"\/><\/figure><div class=\"wp-block-media-text__content\">\n<p>Pr\u00e8s de V\u00e9zelay, courez visiter Le Domaine de Bel-Air g\u00e9r\u00e9 par Romain Desbrosses qui propose ici ses coteaux de Tannay Bio, IGP. 9 ha au total, auxquels se sont ajout\u00e9s 6 ha de Ch\u00e2teau Baron \u00e0 Brinon-sur-Beuvron. Romain travaille ses vins de mani\u00e8re artisanale et subtile, dans un grand respect de l&rsquo;environnement, n\u2019utilisant que des engrais organiques naturels pour une meilleure \u00e9volution des sols et des vignes. Ses coteaux de Tannay sont des merveilles. Ses Chardonnay, Pinot Noir et Melon de Bourgogne aussi. Prenez rdv car Romain est souvent dans ses vignes&nbsp;!<\/p>\n\n\n\n<p><a href=\"https:\/\/www.petitfute.com\/v7344-villiers-sur-yonne-58500\/c650-produits-gourmands-vins\/c1117-vins-alcools\/c718-domaine\/2058437-domaine-de-bel-air.html\">https:\/\/www.petitfute.com\/v7344-villiers-sur-yonne-58500\/c650-produits-gourmands-vins\/c1117-vins-alcools\/c718-domaine\/2058437-domaine-de-bel-air.html<\/a><\/p>\n<\/div><\/div>\n\n\n\n<p><strong>\u00c0 Villiers-sur-Yonne, un jeune se lance avec passion dans le m\u00e9tier<\/strong><\/p>\n\n\n\n<div class=\"wp-block-media-text alignwide is-stacked-on-mobile\"><figure class=\"wp-block-media-text__media\"><img loading=\"lazy\" decoding=\"async\" width=\"657\" height=\"438\" src=\"https:\/\/domaine-de-bel-air.com\/wp-content\/uploads\/2023\/02\/2000006341973-1-1.webp\" alt=\"\" class=\"wp-image-61 size-full\" srcset=\"https:\/\/domaine-de-bel-air.com\/wp-content\/uploads\/2023\/02\/2000006341973-1-1.webp 657w, https:\/\/domaine-de-bel-air.com\/wp-content\/uploads\/2023\/02\/2000006341973-1-1-300x200.webp 300w\" sizes=\"auto, (max-width: 657px) 100vw, 657px\" \/><\/figure><div class=\"wp-block-media-text__content\">\n<p>Publi\u00e9 le 24\/11\/2022 dans le Journal du centre<\/p>\n\n\n\n<p>\u00c0 24 ans, Romain Desbrosses a repris l\u2019exploitation de Pierre Herv\u00e9, parti \u00e0 la retraite. Sur 9,5 ha, il produira en majorit\u00e9 des blancs dont 5 ha de Chardonnay et 1,5 ha de melon. Le reste est constitu\u00e9 de pinot noir. Le travail est d\u00e9j\u00e0 intense.<\/p>\n\n\n\n<p><a href=\"https:\/\/www.lejdc.fr\/villiers-sur-yonne-58500\/agriculture\/a-villiers-sur-yonne-un-jeune-se-lance-avec-passion-dans-le-metier_14221138\/\">https:\/\/www.lejdc.fr\/villiers-sur-yonne-58500\/agriculture\/a-villiers-sur-yonne-un-jeune-se-lance-avec-passion-dans-le-metier_14221138\/<\/a><\/p>\n<\/div><\/div>\n\n\n\n<p><strong>Un nouveau venu en IGP Coteaux-de-Tannay<\/strong><\/p>\n\n\n\n<div class=\"wp-block-media-text alignwide is-stacked-on-mobile\"><figure class=\"wp-block-media-text__media\"><img loading=\"lazy\" decoding=\"async\" width=\"1024\" height=\"768\" src=\"https:\/\/domaine-de-bel-air.com\/wp-content\/uploads\/2023\/02\/786c73d1d6bb6bc4cb9581ba8ab655-1-1024x768.webp\" alt=\"Romain Desbrosses dans ses vignes\" class=\"wp-image-28 size-full\" srcset=\"https:\/\/domaine-de-bel-air.com\/wp-content\/uploads\/2023\/02\/786c73d1d6bb6bc4cb9581ba8ab655-1-1024x768.webp 1024w, https:\/\/domaine-de-bel-air.com\/wp-content\/uploads\/2023\/02\/786c73d1d6bb6bc4cb9581ba8ab655-1-300x225.webp 300w, https:\/\/domaine-de-bel-air.com\/wp-content\/uploads\/2023\/02\/786c73d1d6bb6bc4cb9581ba8ab655-1-768x576.webp 768w, https:\/\/domaine-de-bel-air.com\/wp-content\/uploads\/2023\/02\/786c73d1d6bb6bc4cb9581ba8ab655-1.webp 1052w\" sizes=\"auto, (max-width: 1024px) 100vw, 1024px\" \/><\/figure><div class=\"wp-block-media-text__content\">\n<p>Publi\u00e9 le 22 septembre 2022 dans Le journal du palais<\/p>\n\n\n\n<p>\u00c0 22 ans, Romain Desbrosses vient de reprendre le Domaine de Bel Air \u00e0 Tannay (58), un domaine historique sorti de l\u2019oubli par quelques passionn\u00e9s.<\/p>\n\n\n\n<p><a href=\"https:\/\/journal-du-palais.fr\/au-sommaire\/champagne-in-vino\/un-nouveau-venu-en-igp-coteaux-de-tannay\">https:\/\/journal-du-palais.fr\/au-sommaire\/champagne-in-vino\/un-nouveau-venu-en-igp-coteaux-de-tannay<\/a><\/p>\n<\/div><\/div>\n\n\n\n<p><strong>Quand la vigne rena\u00eet de ses cendres \u00e0 Tannay<\/strong><\/p>\n\n\n\n<div class=\"wp-block-media-text alignwide is-stacked-on-mobile\"><figure class=\"wp-block-media-text__media\"><img loading=\"lazy\" decoding=\"async\" width=\"1024\" height=\"683\" src=\"https:\/\/domaine-de-bel-air.com\/wp-content\/uploads\/2023\/02\/Autre-vigneron_Tannay_Credit-photos-Romain-Liger-pour-Koikispass-2-1-scaled-e1664868475312-1024x683-2.webp\" alt=\"\" class=\"wp-image-26 size-full\" srcset=\"https:\/\/domaine-de-bel-air.com\/wp-content\/uploads\/2023\/02\/Autre-vigneron_Tannay_Credit-photos-Romain-Liger-pour-Koikispass-2-1-scaled-e1664868475312-1024x683-2.webp 1024w, https:\/\/domaine-de-bel-air.com\/wp-content\/uploads\/2023\/02\/Autre-vigneron_Tannay_Credit-photos-Romain-Liger-pour-Koikispass-2-1-scaled-e1664868475312-1024x683-2-300x200.webp 300w, https:\/\/domaine-de-bel-air.com\/wp-content\/uploads\/2023\/02\/Autre-vigneron_Tannay_Credit-photos-Romain-Liger-pour-Koikispass-2-1-scaled-e1664868475312-1024x683-2-768x512.webp 768w\" sizes=\"auto, (max-width: 1024px) 100vw, 1024px\" \/><\/figure><div class=\"wp-block-media-text__content\">\n<p>Publi\u00e9 le 25 octobre 2022 dans Koikispass<\/p>\n\n\n\n<p><br>\u00c0 Tannay, le vin ne meurt jamais. R\u00e9put\u00e9es depuis le Moyen \u00c2ge, les vignes et leurs 3 000 hectares ont \u00e9t\u00e9 int\u00e9gralement d\u00e9truites en 1875 par le phyllox\u00e9ra. C\u2019est \u00e0 la fin des ann\u00e9es 1980 que quelques vignerons ont d\u00e9cid\u00e9 de redonner vie \u00e0 un vignoble exceptionnel mais m\u00e9connu.<\/p>\n\n\n\n<p><a href=\"https:\/\/www.koikispass.com\/quand-la-vigne-renait-de-ses-cendres-a-tannay\/\" target=\"_blank\" rel=\"noreferrer noopener\">https:\/\/www.koikispass.com\/quand-la-vigne-renait-de-ses-cendres-a-tannay\/<\/a><\/p>\n<\/div><\/div>\n","protected":false},"excerpt":{"rendered":"<p>BRINON-sur-Beuvron. Top d\u00e9part pour les vendanges 2025Publi\u00e9 le 16 septembre 2025 https:\/\/www.lejdc.fr\/beaulieu-58420\/economie\/top-depart-pour-les-vendanges-2025_147492717 NIEVRE 2025 FILM COURT https:\/\/vimeo.com\/1063706947\/351db9136b Weekend entre amis au fil du canal du Nivernais Balade dans les vignes et d\u00e9gustation au Domaine de Bel Air&nbsp;&nbsp; https:\/\/www.bourgogne-tourisme.com\/sejourner\/sejours-et-idees-weekend\/amis-canal-nivernais https:\/\/www.bourgogne-tourisme.com\/sejourner\/sejours-et-idees-weekend\/amis-canal-nivernais Le Domaine de Bel Air ouvre ses portes [INT\u00c9GRALE DU 8 MARS] P\u00eache durable : comment [&hellip;]<\/p>\n","protected":false},"author":1,"featured_media":0,"parent":0,"menu_order":0,"comment_status":"closed","ping_status":"closed","template":"","meta":{"footnotes":""},"class_list":["post-416","page","type-page","status-publish","hentry"],"_links":{"self":[{"href":"https:\/\/domaine-de-bel-air.com\/index.php\/wp-json\/wp\/v2\/pages\/416","targetHints":{"allow":["GET"]}}],"collection":[{"href":"https:\/\/domaine-de-bel-air.com\/index.php\/wp-json\/wp\/v2\/pages"}],"about":[{"href":"https:\/\/domaine-de-bel-air.com\/index.php\/wp-json\/wp\/v2\/types\/page"}],"author":[{"embeddable":true,"href":"https:\/\/domaine-de-bel-air.com\/index.php\/wp-json\/wp\/v2\/users\/1"}],"replies":[{"embeddable":true,"href":"https:\/\/domaine-de-bel-air.com\/index.php\/wp-json\/wp\/v2\/comments?post=416"}],"version-history":[{"count":10,"href":"https:\/\/domaine-de-bel-air.com\/index.php\/wp-json\/wp\/v2\/pages\/416\/revisions"}],"predecessor-version":[{"id":440,"href":"https:\/\/domaine-de-bel-air.com\/index.php\/wp-json\/wp\/v2\/pages\/416\/revisions\/440"}],"wp:attachment":[{"href":"https:\/\/domaine-de-bel-air.com\/index.php\/wp-json\/wp\/v2\/media?parent=416"}],"curies":[{"name":"wp","href":"https:\/\/api.w.org\/{rel}","templated":true}]}}